irst derivative of 0*f**l - 4*f - 11 + 1/3*f**3. Give d(3).
5
Suppose -638*r + 629*r - 27 = 0. Suppose 4*a - 35 = -3*u, 0*u + a = -4*u + 25. Let n(g) = -1 + u + 4*g - 1 - 3*g. Give n(r).
0
Let j(z) be the third derivative of -z**6/120 - 7*z**5/60 + 7*z**4/24 - 7*z**3/6 + 374*z**2. What is j(-8)?
1
Let m(b) = b**3 + b**2 + b - 7. Let f = -73 + 73. Calculate m(f).
-7
Let n(r) = r**3 + 8*r**2 + 4*r + 2. Let l be (-19)/95*10 - 5*1. Calculate n(l).
23
Let r(z) be the first derivative of -6*z**2 - 3*z - 169. Determine r(3).
-39
Let v(o) = -o**2 + 5*o + 2. Let m be v(5). Let a(s) = -s - 7*s**2 - 2 + m*s**2 + 7*s + 4*s**2. Suppose 4*z - 3*w - 5 = 0, -4*w - 5 = 4*z - 9*w. Calculate a(z).
3
Let c(u) = 8*u**2 - 2*u - 2. Let a be c(-1). Let m = 12 - a. Let b(v) = -v**3 + 3*v**2 + 4*v - 3. Determine b(m).
-3
Let q(h) be the first derivative of h**6/180 + h**5/60 - h**4/24 + 13*h**3/3 - 4. Let d(l) be the third derivative of q(l). Determine d(1).
3
Let s(u) be the third derivative of -u**5/60 + u**4/8 + u**3/3 + 57*u**2. Calculate s(8).
-38
Let o = -13 + 17. Let i(h) = -1 + 5*h + o*h**2 - 3*h**2 - 2*h + 4*h. Calculate i(-7).
-1
Let m(q) = -q + 1. Let w be -1 - (-5)/(30/12). What is m(w)?
0
Suppose -z - 2*z = 15. Let d(t) = -34*t - 2 + 16*t + 14*t + 5*t. What is d(z)?
-7
Let k(z) = -z**3 + 2*z**2 + 3*z - 4. Let m be k(3). Let s = 3 + m. Let u be 2/s - (-7 - -10). Let w(j) = -j**3 - 4*j**2 + 6*j + 6. Calculate w(u).
1
Let j(i) = i**3 + i**2 - 2*i + 3. Let w = 1212 + -1215. Determine j(w).
-9
Let u(f) = 3*f + 2. Let l be 30/9*(-12)/(-5). Let y be (-24)/9*18/l. What is u(y)?
-16
Let h(m) = -6*m. Let c(g) = g**3 - 10*g**2 - 10*g - 14. Let d be c(11). Let z be ((-4)/(-6))/((-2)/d). Give h(z).
-6
Let x(s) = 6*s + 1. Suppose 3*g + 5*i = -31, -5*g - 6*i + 10*i = -10. Give x(g).
-11
Let c = 34 + -27. Let h(a) = -7*a**2 + 13*a + 8. Let f(y) = 10*y**2 - 19*y - 12. Let o(l) = c*h(l) + 5*f(l). What is o(5)?
1
Let b = 128 + -57. Let p = -31 + b. Let d be p/15*6/4. Let i(q) = -q + 4. Determine i(d).
0
Let t(v) be the second derivative of v**4/12 + v**3/2 - 3*v**2 + 19*v. Let h(k) = -k**3 - 8*k**2 - 5*k + 8. Let j be h(-7). Give t(j).
12
Let d be 2*1/(-2) - -1. Suppose -18*z + 5*z + 52 = 0. Suppose 4*i = 3*c + 15 + 3, -2*i - c + z = d. Let f(q) = -q**2 + 1. What is f(i)?
-8
Let f(w) = 3*w**3 - w**2 + w. Let y(i) = -10*i**3 + 2*i**2 - 3*i + 7. Let z(p) = 3*f(p) + y(p). Determine z(0).
7
Suppose 0 = -5*d + 238 + 532. Suppose -6*f - 136 = -d. Let i(v) = v**2 + 4*v - 1. Determine i(f).
20
Let k(s) be the first derivative of -3*s + 1/3*s**3 - 14 - 3*s**2. What is k(6)?
-3
Let t(z) be the second derivative of -z**5/20 + z**4/4 + 2*z**3/3 - 3*z**2/2 + 137*z. Determine t(3).
9
Let l(x) be the second derivative of x**5/120 + x**4/8 + 7*x**3/6 - 10*x. Let b(p) be the second derivative of l(p). Determine b(-5).
-2
Let x = 257 + -256. Let p(h) = 7*h - 1. Calculate p(x).
6
Let d be (72/(-15))/(-2) + (-20)/50. Let w(p) be the second derivative of -4*p**d + 1/12*p**4 + 5/6*p**3 + 0 - 2*p. What is w(-6)?
-2
Let t(w) = w**2 + 12*w - 1. Let r be t(-12). Let g be r + (-3)/3 + 1. Let n(v) = -4 + 1 + 2 - 2*v**2 - 2*v + 11*v**3. Determine n(g).
-12
Let s(i) be the third derivative of 0*i + 1/60*i**5 - 1/24*i**4 + 0 + 0*i**3 + i**2. Suppose 0 = -13*o + 6 + 20. Give s(o).
2
Suppose 2*b = 5*u + 34, -4*b + 0*b + 8 = 0. Let x(s) = -s - 3. What is x(u)?
3
Let w(f) be the third derivative of -5/24*f**4 + 0 + 1/6*f**3 + 0*f - 2*f**2. Suppose -6*b = -3*b - 6. Calculate w(b).
-9
Let r(n) be the second derivative of n**5/20 + n**4/2 + 5*n**3/6 - n**2 + n. Let f be 6/33 + 124/44. Let c be (4 + -10)/f + -3. What is r(c)?
-2
Let p(o) = -o**2 - 4*o + 7. Let q be -1 + 0 - (-1)/(-1). Let v(h) = h + 1. Let a(u) = q*v(u) + p(u). Determine a(-6).
5
Let u(c) be the second derivative of -c**3/3 - 2*c**2 - 18*c - 1. Let p(t) = -2*t - 8. Let y be p(-6). Suppose 3*n + 9 = -y*f, 5 = -3*n + f - 4. What is u(n)?
2
Let k(h) be the first derivative of -2*h**2 - h - 1. Let x(o) = 2*o**2 - 18*o + 39. Let z be x(4). What is k(z)?
3
Let q(z) = 3*z + 35. Let i(v) = -3*v - 41. Let m(t) = -5*i(t) - 6*q(t). Give m(0).
-5
Let c be -1*(2 + 0/(-3)). Suppose 3*b - 9 = -q, 5 = 2*q + 5*b - 11. Let o(p) = 4*p**3 - q*p - p**3 - 6*p**2 - 4*p**3. Calculate o(c).
-10
Let s(w) = 4*w - 2*w - 3*w + 3. Suppose -48 = -11*c + 19*c. Calculate s(c).
9
Let b be -4*-1*3/(-2). Let l(f) be the third derivative of -f**6/120 - 7*f**5/60 - f**4/4 - f**3 - 5*f**2 - 63*f. Give l(b).
-6
Let b(n) = -48 - 33 + 126 + 5*n. Determine b(-10).
-5
Let o(y) = -3*y**2 + 12*y + 11. Let n(s) = 5*s**2 - 14*s - 12. Let c(q) = 2*n(q) + 3*o(q). What is c(-7)?
2
Let b(k) = 2*k**2 - 4*k**2 + 1139*k - k**2 + 4*k**2 - 1128*k - 2. Give b(-12).
10
Let k = -10 - -3. Let r be k/(-2) + (-2)/4. Let t(o) = -32*o**3 - 34*o**3 + 67*o**3 - 4*o**2 - 1. Determine t(r).
-10
Let u(j) = -j**3 + j**2 - 2*j + 1. Let z(l) = l**2 - 4*l - 33. Let b(g) = -u(g) + z(g). What is b(0)?
-34
Let m(t) = 3*t + 5. Suppose -11 = 5*w - 3*y + 11, 3*y - 12 = 3*w. What is m(w)?
-10
Let g = -51 - -51. Let d be (0 - g)/(2/1). Let i(l) = l - 5. Determine i(d).
-5
Let g(r) = r + 7. Let q(z) = -4*z - 10. Let n be q(-4). Let d(v) = 1. Let l(p) = n*d(p) - g(p). Give l(-7).
6
Let h(x) = -2*x + 3*x - 29 + 11 + 18. Calculate h(-2).
-2
Let z be (56/7)/8 - (-1 - 3). Let c(m) = 2*m**2 + 3*m - 9. Let r(a) = 3*a**2 + 7*a - 17. Let s(v) = 5*c(v) - 3*r(v). Give s(z).
1
Let m(l) = l**3 - l**2 - 48*l + 92*l - 3 - 45*l. Calculate m(2).
-1
Let i(f) = f + 8. Let n be i(-4). Suppose 0 = -2*s + 8*a - 3*a - 11, n*s + 11 = -a. Let y(h) = 2*h**2 + 3*h - 2. Give y(s).
7
Suppose 0 = b + 4*c - 4 + 1, 2*b = 2*c - 24. Let r be 10*(b/6 + 2). Let f(l) be the third derivative of -l**5/60 + l**4/6 + l**3/2 - l**2. Give f(r).
-2
Let i(n) be the third derivative of 1/3*n**3 - 1/24*n**4 + 0 + 0*n - 11*n**2. Suppose k = -3*l + 5 + 15, -l + 5*k - 20 = 0. Give i(l).
-3
Let t = -20 - -18. Let o(x) be the third derivative of -x**6/120 - x**5/30 + x**4/8 + x**3/2 + 41*x**2. Calculate o(t).
-3
Suppose -31 = -14*d - 3. Let n(c) = 2*c**3 - c**2 + 3*c - 3. Calculate n(d).
15
Let y be 4/6 + 16/12. Let q(s) = 0 + 10 - 4 - s**y. Give q(-5).
-19
Let n(i) = 4*i - 1. Let g = -15 + 18. Suppose -z = 2*z + g. Calculate n(z).
-5
Let r(o) = -o**2 + 11*o - 14. Let k(j) = -3*j + 12. Let p be k(3). Let y be 36/p - (0 + 2). Calculate r(y).
-4
Let i(z) = z**2 - 169 + 338 - 170 - 33*z + 23*z. What is i(9)?
-10
Let k(l) be the second derivative of -l**5/20 - 5*l**4/12 - l**3/6 - 7*l**2/2 - 15*l. Let o be k(-5). Let w(p) = -2*p. Calculate w(o).
4
Suppose 5*t - n = 15, 4*t - 6*t - 21 = 5*n. Let h(b) = b**2 + b - 3. What is h(t)?
3
Let q(m) = -10*m - 2. Let r(t) = 4*t - 47. Let c be r(11). Let d be c + -3 + 7 + -3. Calculate q(d).
18
Let m(u) = 5*u. Let f = -278 + 272. Determine m(f).
-30
Let l(n) be the first derivative of -n**3/3 - 7*n**2 + 9*n + 72. Give l(-13).
22
Let l(j) = 2*j**2 + 18*j - 5. Let x be l(-9). Let c = 19 + x. Let w(v) = 3*v + 21 - c - 9. What is w(-3)?
-11
Let p(h) = 10*h**3 + 2 - 2*h + 3*h**3 + 6*h**3 + 4*h**2 - 18*h**3. Let b be p(-4). Suppose 4*f - 2*f = -b. Let y(m) = m**2 + 6*m - 4. Calculate y(f).
-9
Let z(v) be the third derivative of -v**5/60 + 7*v**4/24 - 2*v**3/3 + 128*v**2. What is z(5)?
6
Let s = 13 + -7. Suppose 24 = -3*n - s. Let g be (-4)/10 - 64/n. Let o(d) = 2*d - 6. Give o(g).
6
Let t(b) be the first derivative of b**4/4 - 7*b**3/3 + 11*b**2/2 + 4*b - 233. Determine t(5).
9
Let d be -3 + 5/10*10. Suppose 2*y - 5*y - 3*k + 15 = 0, d*k = 2*y - 18. Let h(a) = -a + 12. Determine h(y).
5
Let b(r) = -5*r + r + 5*r + r - 5 - 4*r. Give b(3).
-11
Let u(n) = 5*n**2. Let r be (-1)/5 + 93/15. Suppose h = r*h - 5. Calculate u(h).
5
Let t(b) = -b**3 + 10*b**2 - 6. Suppose 4*n - 129*m - 50 = -127*m, -n + 15 = -m. Determine t(n).
-6
Let a be (3 + 12)*(5 + -1). Let b(q) = -a*q + 32*q + 6*q**2 + 29*q + q**3 - 5. Give b(-4).
23
Suppose -5*g = -5*i, g = 3*g + 3*i - 25. Let v(c) be the second derivative of -c**4/12 + 2*c**3/3 - c**2/2 + 387*c. What is v(g)?
-6
Suppose 3*m + 41 = 8*k - 3*k, 34 = 4*k - 3*m. Let i(g) = 1 + 2 - 7 + k + 2*g - g**2. Let l(z) = 3*z - 6. Let n be l(3). Calculate i(n).
0
Let b be -3*(-2 + 68/6). Let g = b - -35. Let i(q) = -3*q**2 + g*q*